*u. Let d = u - b. Is d a composite number?
False
Let b(d) = 205*d**2 + 11*d + 353. Is b(-15) composite?
True
Let i be 1*(6/(-5 + -1) - -5). Is (1 - (-2)/i)/(84/20776) prime?
False
Suppose -121*d + 850385 + 19595832 = 0. Is d a prime number?
True
Is (0 - -1)/(-8 + 922401/115299) a prime number?
False
Let f be 3/(-9) + (-1160)/12 + 1. Is 1191 - 3/(-2)*f/72 a composite number?
True
Suppose -3*s - 5*z + 27481 = -18841, -15441 = -s - 2*z. Is s a composite number?
False
Suppose -4*k - 5*b = -76, -b - 2*b = 3*k - 57. Suppose -k*x + 16*x + 6702 = 0. Is x a prime number?
False
Let t be -4*(3/6 + -1). Suppose a = 2*c + 2396, 5*a - 9574 = a - t*c. Let r = a - 1033. Is r prime?
True
Suppose -19 = 8*b - 195. Suppose 2*x = -b - 8. Is (-10)/x*2967 + -5 a prime number?
True
Suppose 4*m + 440 = -5*u, 2*u - 3*m + 112 = -87. Is (-55530)/(-8) + 23/u composite?
True
Let g(v) = -v**3 + 24*v**2 - 21*v + 2. Let k be g(17). Suppose -6*n + 4*n = -5*u + 2779, -3*u + n + k = 0. Is u a prime number?
True
Let p(l) = -2707*l + 884. Is p(-3) a composite number?
True
Suppose -2*d = -0*x - 5*x + 165824, -9 = -3*d. Let n = x + -22367. Is n a composite number?
False
Let k be (114/(-8))/(15/(-420)) + -2. Let h = 2217 + k. Is h a prime number?
False
Suppose -5*r + 9 - 14 = -5*l, 3*r + 4*l - 25 = 0. Suppose 2746 = r*q - 3713. Is q composite?
False
Let m be (-2)/10 + (-189)/(-45). Suppose -m*u = 3*z - 1664, 20 = -3*z + 8. Is u a composite number?
False
Suppose 4*i - 5 = 3*i. Suppose -2*m = -3*f - 10334, 4*f - 20096 = -i*m + 5785. Suppose -m = 8*u - 15*u. Is u prime?
True
Suppose -51*i + 4255229 = -491239. Suppose -i = -31*t + 85337. Is t a prime number?
False
Suppose 2*f = 3*i + 7*f - 28484, -4*i + f + 37994 = 0. Is ((-2)/(-6))/(1/i) + -3 a prime number?
True
Suppose -2*w + 350676 = -5*h, -4*w + 4*h + 385168 = -316172. Is w composite?
False
Suppose -3*j + l + 426168 = -366620, -j + 5*l + 264258 = 0. Is j a prime number?
True
Let y be (-648)/(-342) + (-2)/(-19). Suppose -w - y = -1, 0 = 3*f + w - 12956. Is f a composite number?
True
Suppose -1519916 = -19*n + 247707 + 488798. Is n a composite number?
True
Suppose 0 = -d + 5*d - 16. Suppose -2*o = -4*q + 2, d*q - 22 = -2*o - 0*o. Suppose 2*r + 3*f = r + 535, 0 = q*r + f - 1621. Is r prime?
True
Let t = -11 - -11. Let y = 253 + -253. Suppose t*f - 2*i = 3*f - 1941, -4*i = y. Is f composite?
False
Let j = -144342 + 266344. Is j prime?
False
Let v(l) be the first derivative of 2335*l**3/3 - 3*l**2/2 + 3*l - 72. Is v(1) composite?
True
Let r(z) = 4 + 1 + 4 + 6*z + 120*z**2 - 4. Suppose 232*l - 30 = 242*l. Is r(l) prime?
False
Suppose 0 = -3*m + 27 - 9. Suppose 2869 = -m*s + 11335. Is s composite?
True
Let y = -319 + 317. Suppose 4*i = -13 - 7. Is 2 + (1110 - ((i - y) + 0)) a composite number?
True
Suppose -5*j - 431 = -10121. Let x = j - 1153. Is x a composite number?
True
Let f(i) = 14*i**3 + 8*i**2 - 117*i - 25. Is f(14) a composite number?
False
Let i be (-28)/(2/7*7). Is 871/6 + i/84 prime?
False
Let j(a) = 11*a**3 + 28*a + 103099. Is j(0) a prime number?
True
Let c(k) = -150*k**3 + 23*k**2 - 23*k - 137. Is c(-11) a composite number?
False
Let o(j) = j**3 - 4*j - 8. Let h be o(3). Suppose 3*x + 3*k - 6513 = 0, -5*x + 10873 = -h*k + 3*k. Is x prime?
False
Suppose -2*d + 2910 = -3574 - 1530. Is d composite?
False
Is 56380 + ((-8)/(-36) - 35/(-45)) prime?
False
Let b(c) = -c**3 - 6*c**2 + 18*c - 2. Let l be b(-8). Is 9/6*(-193476)/l composite?
True
Let q = 324723 + -185076. Is q composite?
True
Let h be (-6450 - (-6 - -7)*(5 - 6))*-1. Let y(o) = 13*o**3 - 6*o**2 + 11*o - 6. Let f be y(7). Let b = h - f. Is b composite?
False
Let z = 43 + -40. Suppose -3*q = -15, -w + z*q - 1627 + 4682 = 0. Suppose -3*v = -v - w. Is v a prime number?
False
Let c be 342/190*(-70)/(-6). Suppose -360135 = -c*n + 138678. Is n a prime number?
True
Is (-12)/354 - (-690125790)/2242 a composite number?
False
Suppose 2*t = -3*t - 20, 2*d = 5*t + 98. Suppose v = -4*z - d, -4*v + 12 = -z - 2*v. Is (328/(-12))/(z/345) prime?
False
Let f = 377320 + 221106. Is f a prime number?
False
Is 30631*(88/104 + (-2)/(-13)) composite?
False
Suppose 5 = -a - 3*x, -4*x = 7 - 3. Let m(w) = -2*w**3 - 5*w**2 - 6*w - 2. Let r be m(a). Suppose 0 = -r*h + 8*h - 2*i - 1996, h - 4*i - 1013 = 0. Is h prime?
False
Suppose 6646 = 13*h + 202751. Is (-11)/((-7)/h*-5) a composite number?
True
Is (-10365470)/(-100) + 1*(-15)/(-50) prime?
False
Let h(m) = m**3 + 8*m**2 + m + 11. Suppose 5*g + 25 = 0, g + 0*g + 23 = 3*j. Suppose s + j - 2 = 2*w, -3*w - 15 = 2*s. Is h(s) a composite number?
True
Let n(y) = -18*y**3 + 17*y**2 + 18*y + 93. Is n(-14) a prime number?
False
Suppose -6 = 2*h, 2*a - 3*h - 3009 = 1012. Suppose 3 = -k, 1894 = -4*i + k - 1671. Let r = a + i. Is r composite?
True
Suppose 5*f - 4*w - 4029 = 0, 2*f - 2*w - 3222 = -2*f. Suppose -f*s + 806*s - 563 = 0. Is s a composite number?
False
Suppose -2368837 + 81203 - 2465463 = -97*n. Is n a composite number?
True
Let s = 954 + -384. Let g(i) = 3*i**3 + 9*i**2 + 8*i - 20. Let t be g(-6). Let b = t + s. Is b composite?
True
Suppose -z + 35609 = 57*n - 52*n, 4*n - 71188 = -2*z. Suppose -14 - 1 = -3*a, 3*y - a = z. Is y a prime number?
True
Let u(l) = -347*l**3 + 2*l**2 + 2*l. Suppose d + 3*q = -0*q - 9, -4*d - 3*q = 0. Let f be (-2)/d*12/8. Is u(f) a composite number?
False
Let z(x) be the second derivative of x**5/10 - 5*x**4/4 - x**3/6 + 19*x**2/2 + x. Let k(r) = r**2 + 94*r - 1998. Let a be k(18). Is z(a) a prime number?
False
Suppose d = 5*o + 56, 4*o + 88 - 32 = -2*d. Suppose 0 = -u + 216 - 217. Is ((-213)/o)/(u/(-12)) a prime number?
False
Let z(u) = -4497*u - 661. Is z(-50) composite?
True
Let d be 882/(-5)*(-165)/3. Let m = -4829 + d. Is m a composite number?
True
Let d(z) = 4*z - 16. Let o be d(-9). Let t = -51 - o. Is t + -2 + 377 - -3 a composite number?
False
Let b(o) = 969*o + 9. Let r be b(-5). Let n = r + 9391. Is n a prime number?
False
Let i(o) = -o**2 + 2*o + 53. Let r be i(8). Suppose -r*n - 2*k + k = -15546, -4*n - k = -12437. Is n composite?
False
Let o(r) be the first derivative of 29*r**5/120 - 29*r**4/12 - 25*r**3/3 + 2. Let c(v) be the third derivative of o(v). Is c(9) a composite number?
True
Is (-53)/(-7 + (82720/5515 - 8)) composite?
True
Suppose 134*l = 40*l + 16539317 + 4316369. Is l a prime number?
False
Let f = -175316 - -115577. Is (18/27)/(f/(-59733) + -1) composite?
False
Suppose 7*n = 353796 + 281160. Suppose 61*z - n = 49*z. Is z a composite number?
False
Is 3 + -1 + 211687*300/140 composite?
False
Let k be (-12)/42*(-42)/2. Let g(r) = -1 - 179*r - 3*r**2 + 366*r - 180*r + 18*r**3. Is g(k) composite?
False
Let t(w) = 9*w + 9. Let c be t(-1). Suppose c = 2*i + 2745 - 7099. Is i a composite number?
True
Let u = 28641 - 11504. Is u composite?
False
Let m(w) = -31*w**3 + 5*w**2 + 12*w + 1. Let f(j) = -62*j**3 + 10*j**2 + 23*j + 2. Let l(v) = -6*f(v) + 13*m(v). Is l(-6) composite?
True
Let x(s) = 1244*s - 197. Let g be x(9). Suppose 0 = 2*r - n - g, 4*r - 22007 = -n - 0*n. Is r composite?
False
Suppose -3*v + 3*h + 2184150 = 0, -160656 = v + 5*h - 888688. Is v a composite number?
False
Let n be -755 + -2*(-1)/2. Suppose -22*h + 38*h + 18576 = 0. Let i = n - h. Is i composite?
True
Let u be 36/(-8) - -3 - 5271/(-6). Let j = -132 - -141. Suppose 374 + u = j*z. Is z a composite number?
False
Suppose -c - 14964 + 4064 = -5*l, -4382 = -2*l - 4*c. Suppose -6*i + 45663 = l. Is i prime?
True
Suppose 0*x + 6710 = 5*x. Let n = -520 + x. Let b = -517 + n. Is b prime?
False
Is (-29811178)/(-138) + (-376)/12972 a prime number?
True
Suppose -4*s + 88*n = 93*n - 70719, 0 = -3*s - 3*n + 53040. Is s a prime number?
True
Let b(s) = -69*s - 67*s + 3*s**2 + 31 + 43 + 132*s. Is b(-17) prime?
True
Is ((-1589374)/(-145))/(8/20) a composite number?
True
Suppose -2*n - 103*n + 23234925 = 0. Is n composite?
True
Suppose 4*j + 191 = 391. Suppose -j*f = -57*f + 70553. Is f a prime number?
True
Let o = 2120811 - 1425842. Is o prime?
False
Is (-21)/(63/30) - (-57058 - 1) composite?
True
Let j(u) = 1963*u**2 - 20*u + 86. Is j(3) prime?
False
Is 195727 + -6 + (0 - 1) + 4 + -5 a composite number?
True
Let h = 146 + -260. Let r = 90 + h. Is (-2 + (-30)/(-4))*(38 + r) prime?
False
Let o(t) = 4093*t**2 - 137*t - 539. Is o(-4) a prime numb